{"id":4938,"date":"2025-09-03T08:38:38","date_gmt":"2025-09-03T06:38:38","guid":{"rendered":"https:\/\/schronisko-slupsk.pl\/?post_type=dog&#038;p=4938"},"modified":"2026-02-03T14:03:26","modified_gmt":"2026-02-03T13:03:26","slug":"kubus","status":"publish","type":"dog","link":"https:\/\/schronisko-slupsk.pl\/index.php\/dog\/kubus\/","title":{"rendered":"Kubus"},"content":{"rendered":"\n<figure class=\"wp-block-image size-large\"><img loading=\"lazy\" decoding=\"async\" width=\"874\" height=\"1024\" src=\"https:\/\/schronisko-slupsk.pl\/wp-content\/uploads\/2025\/09\/kubus1-874x1024.jpg\" alt=\"\" class=\"wp-image-4933\"\/><\/figure>\n\n\n\n<p>Kubus to ma\u0142y przera\u017cony 12 latek z charakterkiem. Zosta\u0142 odebrany interwencyjnie po \u015bmierci swojej opiekunki ( w sierpniu 2025), gdy\u017c rodzina nie by\u0142a w stanie przej\u0105\u0107 opieki nad nim, a co dopiero przywie\u017a\u0107 go do schroniska.<\/p>\n\n\n\n<p>We wrze\u015bniu trafi\u0142 na boksy spacerowe i zacz\u0105\u0142 wkr\u00f3tce wychodzi\u0107 z wolontariuszami, cho\u0107 pocz\u0105tkowo nie by\u0142o to \u0142atwe.<br>Szukamy dla tego seniora osoby spokojnej, starszej i bez innych ps\u00f3w, tak\u017ce bez dzieci &#8211; czyli miejsca gdzie b\u0119dzie mia\u0142 swoj\u0105 godn\u0105 staro\u015b\u0107.<\/p>\n\n\n\n<p>.<\/p>\n","protected":false},"template":"","tags":[],"class_list":["post-4938","dog","type-dog","status-publish","hentry"],"_links":{"self":[{"href":"https:\/\/schronisko-slupsk.pl\/index.php\/wp-json\/wp\/v2\/dog\/4938","targetHints":{"allow":["GET"]}}],"collection":[{"href":"https:\/\/schronisko-slupsk.pl\/index.php\/wp-json\/wp\/v2\/dog"}],"about":[{"href":"https:\/\/schronisko-slupsk.pl\/index.php\/wp-json\/wp\/v2\/types\/dog"}],"wp:attachment":[{"href":"https:\/\/schronisko-slupsk.pl\/index.php\/wp-json\/wp\/v2\/media?parent=4938"}],"wp:term":[{"taxonomy":"post_tag","embeddable":true,"href":"https:\/\/schronisko-slupsk.pl\/index.php\/wp-json\/wp\/v2\/tags?post=4938"}],"curies":[{"name":"wp","href":"https:\/\/api.w.org\/{rel}","templated":true}]}}

<figure class="wp-block-image size-large"><img loading="lazy" decoding="async" width="874" height="1024" src="https://schronisko-slupsk.pl/wp-content/uploads/2025/09/kubus1-874x1024.jpg" alt="" class="wp-image-4933"/></figure>



<p>Kubus to mały przerażony 12 latek z charakterkiem. Został odebrany interwencyjnie po śmierci swojej opiekunki ( w sierpniu 2025), gdyż rodzina nie była w stanie przejąć opieki nad nim, a co dopiero przywieźć go do schroniska.</p>



<p>We wrześniu trafił na boksy spacerowe i zaczął wkrótce wychodzić z wolontariuszami, choć początkowo nie było to łatwe.<br>Szukamy dla tego seniora osoby spokojnej, starszej i bez innych psów, także bez dzieci &#8211; czyli miejsca gdzie będzie miał swoją godną starość.</p>



<p>.</p>
